847006.
2, 19, 67, 1511
List the prime factors of 13408497.
3, 6131
What are the prime factors of 734690?
2, 5, 11, 6679
What are the prime factors of 4621016?
2, 577627
List the prime factors of 77772.
2, 3, 6481
List the prime factors of 1730760.
2, 3, 5, 14423
What are the prime factors of 478486?
2, 239243
List the prime factors of 98925.
3, 5, 1319
List the prime factors of 40535322.
2, 3, 19, 355573
What are the prime factors of 390192?
2, 3, 11, 739
What are the prime factors of 16405724?
2, 4101431
List the prime factors of 2747484.
2, 3, 167, 457
What are the prime factors of 196107?
3, 131, 499
List the prime factors of 2841117.
3, 127, 7457
What are the prime factors of 3460682?
2, 71, 24371
List the prime factors of 142500.
2, 3, 5, 19
What are the prime factors of 281940?
2, 3, 5, 37, 127
List the prime factors of 1067518.
2, 43, 12413
List the prime factors of 908714.
2, 454357
List the prime factors of 3376430.
2, 5, 101, 3343
What are the prime factors of 18784596?
2, 3, 1565383
What are the prime factors of 5066488?
2, 7, 90473
List the prime factors of 191266.
2, 95633
List the prime factors of 186285.
3, 5, 11, 1129
List the prime factors of 1022255.
5, 13, 15727
What are the prime factors of 742451?
101, 7351
List the prime factors of 7614252.
2, 3, 211507
List the prime factors of 578650.
2, 5, 71, 163
What are the prime factors of 1010284?
2, 11, 22961
What are the prime factors of 5573788?
2, 11, 131, 967
What are the prime factors of 10189350?
2, 3, 5, 22643
What are the prime factors of 453373?
17, 26669
List the prime factors of 6423731.
1151, 5581
List the prime factors of 14596036.
2, 7, 13, 40099
List the prime factors of 1466526.
2, 3, 23, 10627
List the prime factors of 2330368.
2, 9103
List the prime factors of 425600.
2, 5, 7, 19
List the prime factors of 11098395.
3, 5, 7, 11, 3203
List the prime factors of 395695.
5, 79139
What are the prime factors of 10648366?
2, 5324183
List the prime factors of 15157907.
3821, 3967
List the prime factors of 320597.
23, 53, 263
List the prime factors of 126015.
3, 5, 31, 271
What are the prime factors of 1197810?
2, 3, 5, 13309
List the prime factors of 987130.
2, 5, 98713
List the prime factors of 20620.
2, 5, 1031
List the prime factors of 2160453.
3, 720151
What are the prime factors of 6507331?
113, 57587
What are the prime factors of 2006001?
3, 19, 11731
What are the prime factors of 271094?
2, 89, 1523
List the prime factors of 33983405.
5, 61, 67, 1663
List the prime factors of 177797.
177797
What are the prime factors of 1378750?
2, 5, 1103
What are the prime factors of 62516?
2, 15629
List the prime factors of 3443722.
2, 263, 6547
What are the prime factors of 8738879?
19, 131, 3511
What are the prime factors of 317696?
2, 17, 73
What are the prime factors of 917098?
2, 7, 13, 5039
What are the prime factors of 365279?
17, 21487
List the prime factors of 270741.
3, 90247
What are the prime factors of 1256922?
2, 3, 69829
List the prime factors of 168147.
3, 7, 17, 157
List the prime factors of 1299778.
2, 397, 1637
List the prime factors of 4827529.
7, 83, 1187
List the prime factors of 7013656.
2, 13, 17, 3967
List the prime factors of 1129854.
2, 3, 11, 17, 19, 53
What are the prime factors of 86337?
3, 53, 181
What are the prime factors of 722132?
2, 180533
What are the prime factors of 6259980?
2, 3, 5, 101, 1033
What are the prime factors of 17076381?
3, 7, 17, 31, 1543
List the prime factors of 10545.
3, 5, 19, 37
What are the prime factors of 2666639?
47, 56737
List the prime factors of 4711810.
2, 5, 19, 24799
List the prime factors of 52083.
3, 643
List the prime factors of 11542044.
2, 3, 19, 23, 31, 71
List the prime factors of 270434.
2, 23, 5879
What are the prime factors of 20648534?
2, 89, 311, 373
What are the prime factors of 2664575?
5, 53, 2011
What are the prime factors of 301212?
2, 3, 2789
List the prime factors of 208276.
2, 52069
What are the prime factors of 154012?
2, 139, 277
List the prime factors of 1206723.
3, 7, 8209
What are the prime factors of 2722740?
2, 3, 5, 23, 1973
What are the prime factors of 912409?
912409
What are the prime factors of 65763?
3, 7307
List the prime factors of 1392392.
2, 174049
List the prime factors of 608346.
2, 3, 33797
What are the prime factors of 7972533?
3, 19, 15541
What are the prime factors of 713336?
2, 13, 19
What are the prime factors of 1384346?
2, 173, 4001
List the prime factors of 2506027.
1091, 2297
List the prime factors of 2442084.
2, 3, 17, 11971
List the prime factors of 288190.
2, 5, 7, 23, 179
List the prime factors of 4266148.
2, 619, 1723
What are the prime factors of 912660?
2, 3, 5, 7, 41, 53
List the prime factors of 1599390.
2, 3, 5, 13, 1367
What are the prime factors of 3729013?
23, 197, 823
What are the prime factors of 913187?
11, 7547
List the prime factors of 179839.
11, 16349
What are the prime factors of 8328337?
8328337
List the prime factors of 2308009.
11, 209819
What are the prime factors of 326642?
2, 163321
List the prime factors of 1818193.
13, 139861
List the prime factors of 383882.
2, 367, 523
List the prime factors of 13418.
2, 6709
What are the prime factors of 8151021?
3, 317, 2857
What are the prime factors of 9746186?
2, 1933, 2521
List the prime factors of 8236704.
2, 3, 7, 17, 103
List the prime factors of 39140297.
7, 5591471
List the prime factors of 227514.
2, 3, 7, 5417
What are the prime factors of 236507?
236507
List the prime factors of 12703.
12703
List the prime factors of 4110549.
3, 17, 80599
What are the prime factors of 5542460?
2, 5, 7, 11, 59, 61
List the prime factors of 68769.
3, 283
What are the prime factors of 1290085?
5, 67, 3851
What are the prime factors of 168704?
2, 659
List the prime factors of 7130289.
3, 587, 4049
List the prime factors of 493030.
2, 5, 47, 1049
What are the prime factors of 9526025?
5, 23, 16567
List the prime factors of 10721250.
2, 3, 5, 953
What are the prime factors of 5213972?
2, 1303493
List the prime factors of 2542659.
3, 7, 353
List the prime factors of 7231756.
2, 7, 258277
What are the prime factors of 20364830?
2, 5, 31, 179, 367
List the prime factors of 1343316.
2, 3, 13, 79, 109
What are the prime factors of 3731255?
5, 11, 179, 379
List the prime factors of 2836.
2, 709
List the prime factors of 1004094.
2, 3, 7, 13, 613
List the prime factors of 3183098.
2, 29, 54881
What are the prime factors of 20707?
20707
What are the prime factors of 18851075?
5, 754043
What are the prime factors of 17096752?
2, 641, 1667
What are the prime factors of 1247435?
5, 7, 29, 1229
What are the prime factors of 607978?
2, 7, 43427
What are the prime factors of 12219113?
1951, 6263
List the prime factors of 196303.
196303
What are the prime factors of 8661?
3, 2887
What are the prime factors of 2754586?
2, 1377293
What are the prime factors of 493634?
2, 246817
List the prime factors of 8318679.
3, 29, 95617
What are the prime factors of 6045741?
3, 13, 51673
List the prime factors of 40724206.
2, 233, 281, 311
What are the prime factors of 161299?
23, 7013
List the prime factors of 1381445.
5, 13, 53, 401
What are the prime factors of 11217248?
2, 7, 50077
List the prime factors of 168774.
2, 3, 23, 1223
List the prime factors of 472832.
2, 1847
List the prime factors of 7224184.
2, 11, 17, 439
What are the prime factors of 536335?
5, 67, 1601
List the prime factors of 4539380.
2, 5, 263, 863
What are the prime factors of 6735068?
2, 1683767
What are the prime factors of 319561?
11, 19, 139
List the prime factors of 1743229.
1743229
List the prime factors of 14930305.
5, 13, 17669
List the prime factors of 167568.
2, 3, 3491
What are the prime factors of 457779?
3, 7, 21799
List the prime factors of 3464610.
2, 3, 5, 53, 2179
What are the prime factors of 190851?
3, 63617
List the prime factors of 880708.
2, 220177
What are the prime factors of 383727?
3, 37, 3457
What are the prime factors of 7092152?
2, 886519
What are the prime factors of 1888039?
281, 6719
List the prime factors of 73461.
3, 47, 521
What are the prime factors of 476078?
2, 238039
What are the prime factors of 109256?
2, 7, 1951
What are the prime factors of 518805?
3, 5, 7, 61
List the prime factors of 90414.
2, 3, 5023
List the pr